-23 (base 4) in base 11?
-10
Convert -7 (base 8) to base 3.
-21
Convert -7c (base 16) to base 2.
-1111100
Convert -21 (base 4) to base 3.
-100
0 (base 5) to base 6
0
What is 3 (base 7) in base 5?
3
Convert -421 (base 5) to base 8.
-157
Convert -13 (base 7) to base 8.
-12
10 (base 10) to base 15
a
-1 (base 15) to base 3
-1
Convert 4 (base 9) to base 5.
4
Convert 1 (base 15) to base 6.
1
What is 2 (base 12) in base 8?
2
What is b0 (base 15) in base 6?
433
What is -8 (base 14) in base 4?
-20
Convert 30 (base 10) to base 13.
24
What is -4 (base 9) in base 2?
-100
-19 (base 15) to base 9
-26
What is -26 (base 9) in base 2?
-11000
10332 (base 4) to base 14
18a
Convert -6 (base 14) to base 7.
-6
Convert -2 (base 7) to base 15.
-2
Convert 60 (base 15) to base 9.
110
-4 (base 14) to base 4
-10
Convert 137 (base 8) to base 7.
164
What is 29 (base 16) in base 6?
105
What is -3 (base 16) in base 12?
-3
2 (base 12) to base 10
2
What is -6c (base 13) in base 15?
-60
Convert 4 (base 5) to base 12.
4
3 (base 6) to base 16
3
What is -19 (base 12) in base 15?
-16
3 (base 16) to base 4
3
Convert -20 (base 16) to base 12.
-28
What is -11 (base 9) in base 10?
-10
-30 (base 9) to base 15
-1c
Convert -1 (base 5) to base 2.
-1
Convert -2020 (base 3) to base 8.
-74
What is -1 (base 10) in base 13?
-1
Convert 3d (base 15) to base 13.
46
What is -541 (base 7) in base 16?
-112
What is 10 (base 2) in base 6?
2
What is 17 (base 10) in base 3?
122
-6 (base 15) to base 11
-6
Convert -140 (base 7) to base 14.
-57
-19 (base 13) to base 7
-31
200 (base 6) to base 14
52
Convert -21 (base 8) to base 2.
-10001
2 (base 14) to base 8
2
-6 (base 16) to base 6
-10
1b (base 15) to base 4
122
Convert 1111 (base 2) to base 4.
33
100 (base 2) to base 16
4
What is -1211 (base 3) in base 12?
-41
What is -4 (base 15) in base 12?
-4
What is 43 (base 7) in base 9?
34
Convert -5 (base 8) to base 16.
-5
Convert -1031 (base 4) to base 14.
-57
-3 (base 6) to base 13
-3
Convert 34 (base 9) to base 6.
51
53 (base 10) to base 13
41
-13 (base 13) to base 11
-15
Convert 40 (base 9) to base 7.
51
20211 (base 3) to base 6
504
-b4 (base 16) to base 9
-220
What is -6 (base 15) in base 2?
-110
What is 111 (base 2) in base 11?
7
What is 3 (base 6) in base 11?
3
Convert -11 (base 7) to base 2.
-1000
What is 117 (base 11) in base 9?
164
7 (base 10) to base 4
13
Convert 20 (base 15) to base 6.
50
What is -2 (base 5) in base 8?
-2
-1 (base 14) to base 12
-1
3 (base 4) to base 10
3
Convert -100 (base 5) to base 7.
-34
What is -74 (base 14) in base 6?
-250
11 (base 8) to base 14
9
30 (base 13) to base 9
43
What is 13d (base 14) in base 11?
209
Convert 2 (base 11) to base 13.
2
What is -30 (base 10) in base 2?
-11110
-1 (base 16) to base 7
-1
What is -3 (base 12) in base 13?
-3
Convert -5 (base 16) to base 9.
-5
-4 (base 11) to base 14
-4
What is 20 (base 3) in base 15?
6
-101 (base 3) to base 14
-a
What is -2 (base 14) in base 7?
-2
10100 (base 2) to base 3
202
-a (base 13) to base 7
-13
3b (base 13) to base 16
32
0 (base 14) to base 2
0
-210 (base 7) to base 11
-96
-18 (base 10) to base 15
-13
Convert -b (base 16) to base 12.
-b
What is 168 (base 12) in base 16?
e0
Convert 2 (base 14) to base 9.
2
Convert -1 (base 6) to base 2.
-1
3 (base 16) to base 13
3
8 (base 13) to base 7
11
What is 10 (base 5) in base 7?
5
Convert -2 (base 7) to base 15.
-2
53 (base 12) to base 4
333
Convert -3 (base 13) to base 8.
-3
What is -10 (base 3) in base 16?
-3
33 (base 14) to base 7
63
7 (base 12) to base 15
7
What is -24 (base 5) in base 14?
-10
7 (base 14) to base 13
7
-2 (base 13) to base 7
-2
Convert -15e (base 16) to base 8.
-536
Convert -10011110 (base 2) to base 6.
-422
What is -1a (base 14) in base 16?
-18
What is 4 (base 12) in base 8?
4
-13 (base 9) to base 16
-c
What is -d (base 15) in base 9?
-14
What is 2212 (base 5) in base 14?
17d
141 (base 5) to base 13
37
0 (base 16) to base 15
0
Convert -5 (base 13) to base 2.
-101
What is 15 (base 10) in base 12?
13
1c (base 14) to base 6
42
What is 3 (base 12) in base 3?
10
What is 12 (base 3) in base 12?
5
What is 120 (base 3) in base 4?
33
-1001 (base 2) to base 11
-9
What is -1001110 (base 2) in base 8?
-116
Convert -11 (base 6) to base 3.
-21
What is -36 (base 15) in base 9?
-56
-3 (base 16) to base 4
-3
1012 (base 3) to base 7
44
Convert -23 (base 6) to base 11.
-14
What is 0 (base 4) in base 14?
0
1 (base 3) to base 2
1
Convert 25 (base 9) to base 14.
19
-202 (base 3) to base 10
-20
What is -101110 (base 2) in base 9?
-51
Convert 9a (base 12) to base 4.
1312
Convert -4 (base 16) to base 10.
-4
What is 11 (base 5) in base 3?
20
Convert 110 (base 3) to base 16.
c
1 (base 6) to base 12
1
What is -4 (base 6) in base 14?
-4
-44 (base 9) to base 5
-130
20 (base 4) to base 5
13
What is 10 (base 6) in base 5?
11
401 (base 5) to base 16
65
75 (base 11) to base 13
64
Convert 0 (base 14) to base 7.
0
What is 0 (base 12) in base 13?
0
3 (base 16) to base 15
3
Convert -10100 (base 2) to base 10.
-20
What is -212 (base 5) in base 6?
-133
3 (base 14) to base 4
3
What is 31 (base 4) in base 11?
12
Convert 1000000 (base 2) to base 12.
54
What is -11120 (base 4) in base 16?
-158
What is 3 (base 12) in base 6?
3
3 (base 11) to base 3
10
What is -5 (base 14) in base 3?
-12
41 (base 11) to base 16
2d
What is 12 (base 3) in base 8?
5
What is e (base 16) in base 2?
1110
What is -2 (base 8) in base 14?
-2
-112 (base 5) to base 11
-2a
-22 (base 6) to base 8
-16
Convert -37 (base 13) to base 8.
-56
-b (base 13) to base 6
-15
What is -3 (base 8) in base 2?
-11
Convert 1 (base 4) to base 5.
1
-1 (base 3) to base 5
-1
2 (base 7) to base 15
2
Convert 4 (base 7) to base 2.
100
What is 5 (base 6) in base 15?
5
Convert -11 (base 5) to base 11.
-6
47 (base 10) to base 11
43
What is -3 (base 4) in base 14?
-3
-101 (base 2) to base 6
-5
Convert -12 (base 7) to base 11.
-9
126 (base 7) to base 8
105
Convert -20 (base 12) to base 14.
-1a
What is 10333 (base 4) in base 5?
2234
What is 0 (base 4) in base 2?
0
What is 22 (base 12) in base 9?
28
Convert 14 (base 14) to base 10.
18
What is 2 (base 3) in base 6?
2
2 (base 9) to base 15
2
Convert -2 (base 12) to base 9.
-2
-e2 (base 16) to base 10
-226
32 (base 4) to base 3
112
0 (base 12) to base 14
0
Convert -90 (base 15) to base 2.
-10000111
56 (base 9) to base 3
1220
What is 2211 (base 3) in base 15?
51
Convert 10 (base 2) to base 14.
2
-4 (base 13) to base 5
-4
What is -31 (base 5) in base 14?
-12
What is -15 (base 12) in base 8?
-21
Convert 43 (base 12) to base 15.
36
Convert -1 (base 6) to base 12.
-1
Convert 8 (base 16) to base 12.
8
0 (base 9) to base 13
0
122 (base 4) to base 6
42
3 (base 6) to base 4
3
What is -1 (base 2) in base 6?
-1
Convert 11021 (base 3) to base 5.
430
-3 (base 8) to base 5
-3
101 (base 3) to base 4
22
3 (base 16) to base 3
10
What is 23 (base 7) in base 11?
16
11 (base 2) to base 12
3
15 (base 14) to base 10
19
What is -11 (base 2) in base 13?
-3
Convert -27 (base 9) to base 15.
-1a
-1 (base 16) to base 2
-1
24 (base 7) to base 4
102
What is 165 (base 9) in base 7?
260
What is 5 (base 9) in base 15?
5
Convert 9 (base 12) to base 13.
9
Convert -5 (base 10) to base 7.
-5
Convert -5 (base 12) to base 11.
-5
What is -5 (base 7) in base 16?
-5
Convert 15 (base 16) to base 7.
30
Convert -14 (base 13) to base 4.
-101
Convert 11 (base 6) to base 14.
7
What is 1 (base 15) in base 9?
1
Convert -1 (base 14) to base 6.
-1
-22 (base 4) to base 7
-13
What is -5 (base 8) in base 5?
-10
-13 (base 13) to base 3
-121
-118 (base 9) to base 7
-200
What is 100 (base 2) in base 9?
4
What is -113 (base 9) in base 7?
-162
What is 20 (base 3) in base 6?
10
Convert -8 (base 14) to base 6.
-12
13 (base 6) to base 11
9
14a (base 13) to base 16
e7
What is -a (base 11) in base 15?
-a
Convert 66 (base 13) to base 15.
59
Convert 1e (base 16) to base 6.
50
What is -30 (base 4) in base 13?
-c
What is 0 (base 5) in base 15?
0
Convert 10 (base 10) to base 13.
a
What is c5 (base 14) in base 12?
125
What is 8 (base 9) in base 11?
8
Convert -2 (base 4) to base 14.
-2
What is 5 (base 11) in base 10?
5
What is -153 (base 7) in base 11?
-7a
33 (base 4) to base 14
11
Convert -1 (base 7) to base 3.
-1
Convert -6 (base 12) to base 7.
-6
What is -5 (base 7) in base 9?
-5
Co